 601874?
2, 7, 13, 3307
What are the prime factors of 23491963?
11, 47, 45439
List the prime factors of 599922.
2, 3, 33329
List the prime factors of 253903.
13, 19531
List the prime factors of 19714192.
2, 37, 33301
What are the prime factors of 242165?
5, 7, 11, 17, 37
What are the prime factors of 234250?
2, 5, 937
What are the prime factors of 414106?
2, 7, 11, 2689
What are the prime factors of 77583?
3, 11, 2351
What are the prime factors of 201589?
201589
What are the prime factors of 34337103?
3, 491, 23311
List the prime factors of 1416168.
2, 3, 13, 17, 89
What are the prime factors of 414041?
233, 1777
What are the prime factors of 8215366?
2, 4107683
List the prime factors of 10769278.
2, 13, 414203
List the prime factors of 600498.
2, 3, 73, 457
What are the prime factors of 81362?
2, 17, 2393
List the prime factors of 1068131.
1068131
List the prime factors of 198233.
7, 28319
List the prime factors of 1688335.
5, 11, 30697
What are the prime factors of 85073?
241, 353
List the prime factors of 1686852.
2, 3, 15619
List the prime factors of 3064647.
3, 67, 79, 193
List the prime factors of 3387958.
2, 7, 181, 191
List the prime factors of 16951235.
5, 7, 97, 4993
What are the prime factors of 121615?
5, 13, 1871
List the prime factors of 743242.
2, 19, 19559
List the prime factors of 4411132.
2, 11, 29, 3457
What are the prime factors of 5073946?
2, 1567, 1619
What are the prime factors of 28108951?
13, 97, 22291
What are the prime factors of 5797502?
2, 457, 6343
List the prime factors of 309593.
73, 4241
What are the prime factors of 1258400?
2, 5, 11, 13
What are the prime factors of 295823?
11, 26893
List the prime factors of 1398663.
3, 7, 149
List the prime factors of 16364179.
13, 1258783
List the prime factors of 13808.
2, 863
What are the prime factors of 601691?
97, 6203
What are the prime factors of 4503823?
149, 167, 181
What are the prime factors of 408311?
408311
What are the prime factors of 58950?
2, 3, 5, 131
What are the prime factors of 10967157?
3, 71, 1907
List the prime factors of 28509394.
2, 277, 51461
List the prime factors of 281644.
2, 11, 37, 173
What are the prime factors of 257537?
7, 36791
List the prime factors of 1731988.
2, 191, 2267
List the prime factors of 7660766.
2, 73, 137, 383
List the prime factors of 7866444.
2, 3, 17, 38561
List the prime factors of 2687033.
2687033
List the prime factors of 3039751.
11, 13, 29, 733
What are the prime factors of 25708617?
3, 11, 86561
List the prime factors of 21313796.
2, 7, 761207
List the prime factors of 59069.
59069
What are the prime factors of 14419138?
2, 19, 379451
What are the prime factors of 22490?
2, 5, 13, 173
What are the prime factors of 20178782?
2, 13, 43, 18049
What are the prime factors of 373117?
79, 4723
What are the prime factors of 16245350?
2, 5, 11, 29537
List the prime factors of 362801.
362801
List the prime factors of 96805.
5, 19, 1019
List the prime factors of 176867.
137, 1291
List the prime factors of 61936.
2, 7, 79
What are the prime factors of 2710381?
2710381
What are the prime factors of 18701?
18701
List the prime factors of 444895.
5, 11, 8089
What are the prime factors of 477529?
13, 109, 337
What are the prime factors of 1935095?
5, 107, 3617
List the prime factors of 2218081.
31, 71551
List the prime factors of 109230.
2, 3, 5, 11, 331
List the prime factors of 893290.
2, 5, 89329
List the prime factors of 6607249.
11, 600659
List the prime factors of 919537.
947, 971
List the prime factors of 30332251.
41, 113, 6547
What are the prime factors of 16450757?
16450757
What are the prime factors of 2832795?
3, 5, 7, 17, 23
What are the prime factors of 9035983?
11, 467, 1759
List the prime factors of 3789476.
2, 947369
What are the prime factors of 503993?
7, 71999
List the prime factors of 730344.
2, 3, 30431
What are the prime factors of 6265753?
13, 83, 5807
List the prime factors of 25735.
5, 5147
List the prime factors of 256981.
256981
What are the prime factors of 1456301?
7, 11, 18913
List the prime factors of 1225236.
2, 3, 102103
List the prime factors of 6219286.
2, 997, 3119
List the prime factors of 5522.
2, 11, 251
List the prime factors of 254788.
2, 63697
What are the prime factors of 3885311?
127, 30593
List the prime factors of 425749.
29, 53, 277
List the prime factors of 50551.
50551
What are the prime factors of 1537402?
2, 167, 4603
List the prime factors of 14214220.
2, 5, 61, 191
List the prime factors of 1101361.
947, 1163
List the prime factors of 98340.
2, 3, 5, 11, 149
List the prime factors of 211381.
29, 37, 197
List the prime factors of 1579082.
2, 53, 14897
What are the prime factors of 1017?
3, 113
What are the prime factors of 1048972?
2, 191, 1373
What are the prime factors of 299882?
2, 11, 43, 317
List the prime factors of 743314.
2, 11, 13, 23, 113
What are the prime factors of 2055609?
3, 37, 6173
What are the prime factors of 392300?
2, 5, 3923
What are the prime factors of 415820?
2, 5, 17, 1223
List the prime factors of 3303673.
3303673
List the prime factors of 6910764.
2, 3, 7, 23, 73
What are the prime factors of 11989453?
7, 487, 3517
What are the prime factors of 28982122?
2, 13, 1114697
List the prime factors of 487619.
11, 97, 457
What are the prime factors of 113903?
113903
List the prime factors of 428049.
3, 199, 239
What are the prime factors of 9078107?
223, 40709
What are the prime factors of 1327092?
2, 3, 13, 47, 181
What are the prime factors of 330340?
2, 5, 83, 199
List the prime factors of 263932.
2, 65983
List the prime factors of 8504305.
5, 19, 89519
What are the prime factors of 1714468?
2, 7, 61231
What are the prime factors of 6920452?
2, 7, 11, 22469
What are the prime factors of 6054848?
2, 89, 1063
What are the prime factors of 6150929?
29, 113, 1877
List the prime factors of 120563.
120563
List the prime factors of 7882610.
2, 5, 788261
What are the prime factors of 3109359?
3, 11, 59, 1597
What are the prime factors of 3819121?
1637, 2333
List the prime factors of 35995.
5, 23, 313
List the prime factors of 85137.
3, 13, 37, 59
What are the prime factors of 15367365?
3, 5, 13, 109, 241
What are the prime factors of 1260265?
5, 269, 937
List the prime factors of 166770.
2, 3, 5, 17, 109
List the prime factors of 1257296.
2, 179, 439
List the prime factors of 70258.
2, 35129
List the prime factors of 205564.
2, 17, 3023
What are the prime factors of 1832233?
13, 97, 1453
List the prime factors of 4955547.
3, 41, 40289
List the prime factors of 1311590.
2, 5, 7, 41, 457
What are the prime factors of 2938094?
2, 1469047
What are the prime factors of 26396369?
131, 201499
List the prime factors of 1603656.
2, 3, 22273
What are the prime factors of 537992?
2, 7, 13, 739
List the prime factors of 8801279.
719, 12241
List the prime factors of 11023429.
17, 648437
What are the prime factors of 1020160?
2, 5, 797
What are the prime factors of 748442?
2, 17, 22013
List the prime factors of 83515.
5, 16703
List the prime factors of 93161.
59, 1579
What are the prime factors of 67683?
3, 7, 11, 293
What are the prime factors of 3246535?
5, 649307
List the prime factors of 40723.
193, 211
List the prime factors of 1324727.
59, 22453
What are the prime factors of 716970?
2, 3, 5, 23899
List the prime factors of 4320680.
2, 5, 7, 13, 1187
What are the prime factors of 15210946?
2, 7605473
List the prime factors of 282867.
3, 13, 7253
What are the prime factors of 260904?
2, 3, 7, 1553
List the prime factors of 2175284.
2, 43, 12647
List the prime factors of 453182.
2, 347, 653
What are the prime factors of 12853588?
2, 11, 26557
What are the prime factors of 1611277?
17, 94781
List the prime factors of 9781283.
37, 264359
What are the prime factors of 28145045?
5, 5629009
What are the prime factors of 20528888?
2, 43, 83, 719
List the prime factors of 281249.
281249
What are the prime factors of 1530?
2, 3, 5, 17
List the prime factors of 1695596.
2, 7, 41, 211
What are the prime factors of 337685?
5, 67537
List the prime factors of 403362.
2, 3, 22409
What are the prime factors of 96142?
2, 53, 907
What are the prime factors of 156955?
5, 31391
What are the prime factors of 26963405?
5, 7, 733, 1051
What are the prime factors of 2092599?
3, 41, 53, 107
L